{"id":89,"date":"2016-10-15T14:27:31","date_gmt":"2016-10-15T12:27:31","guid":{"rendered":"http:\/\/www.storkova.cz\/?page_id=89"},"modified":"2026-04-26T10:12:16","modified_gmt":"2026-04-26T08:12:16","slug":"89-2","status":"publish","type":"page","link":"https:\/\/www.storkova.cz\/","title":{"rendered":""},"content":{"rendered":"<div class=\"entry\">\n<p>V\u00edtejte\u00a0na str\u00e1nk\u00e1ch odborn\u00e9 o\u010dn\u00ed l\u00e9ka\u0159ky MUDr. Ilony \u0160torkov\u00e9<\/p>\n<p><strong><\/strong><\/p>\n<p><strong><font color=\"red\" size=\"5\"><\/font><\/strong><br \/>\n<strong><font color=\"red\"><\/font><\/strong><\/p>\n<p><strong><u>Ordinace Rakovn\u00edk<\/u><\/strong><br \/>\n<strong><\/strong><br \/>\n<strong>NEORDINUJEME z provozn\u00edch d\u016fvod\u016f ve dnech 29.4.2026 a 6.5.2026!<\/strong><br \/>\nP\u0159\u00edtomna pouze zdravotn\u00ed sestra pro p\u0159edem objednan\u00e1 perimetrick\u00e1 vy\u0161et\u0159en\u00ed.<br \/>\n<strong><\/strong><\/p>\n<p><strong><\/strong><br \/>\n<strong><\/strong><br \/>\n<strong><u>Ordinace Nov\u00e9 Stra\u0161ec\u00ed<\/u><\/strong><br \/>\n<strong><\/strong><br \/>\n<strong>NEORDINUJEME z provozn\u00edch d\u016fvod\u016f ve dnech 5.5.2026 a 7.5.2026!<\/strong><br \/>\nP\u0159\u00edtomna pouze zdravotn\u00ed sestra pro p\u0159edem objednan\u00e1 perimetrick\u00e1 vy\u0161et\u0159en\u00ed.<br \/>\n<strong><\/strong><\/p>\n<p><strong><\/strong><\/p>\n<p><strong><\/strong><\/p>\n<p><strong><\/strong><br \/>\n<strong><\/strong><br \/>\nObjedn\u00e1v\u00e1n\u00ed k o\u010dn\u00edmu vy\u0161et\u0159en\u00ed mo\u017en\u00e9 u zdravotn\u00ed sestry \u010di na uveden\u00e9m kontaktu ordinace.<br \/>\n<strong><\/strong><br \/>\n<strong><u><\/u><\/strong><br \/>\n<strong><u><\/u><\/strong><br \/>\n<strong><\/strong><\/p>\n<p><strong><\/strong><br \/>\n<strong><\/strong><\/p>\n<p>V p\u0159\u00edpad\u011b akutn\u00edch obt\u00ed\u017e\u00ed se obra\u0165te na:<br \/>\n<font size=\"2\"><br \/>\n&#8211; O\u010dn\u00ed ambulance Oblastn\u00ed nemocnice Kladno a.s., Van\u010durova 1548, 272 59 Kladno &#8211; volat p\u0159edem k objedn\u00e1n\u00ed<br \/>\n&#8211; O\u010dn\u00ed klinika \u00dast\u0159edn\u00ed vojensk\u00e9 nemocnice, U Vojensk\u00e9 nemocnice 1200, 169 02 Praha 6<br \/>\n&#8211; O\u010dn\u00ed klinika d\u011bt\u00ed a dosp\u011bl\u00fdch FN Motol, V \u00davalu 84\/1, 150 06 Praha 5<br \/>\n<\/font><br \/>\n\u00a0<\/p>\n<p>\u00a0<\/p>\n<p><a href=\"https:\/\/www.storkova.cz\"><img decoding=\"async\" class=\"alignnone size-full wp-image-150\" src=\"https:\/\/www.storkova.cz\/wp-content\/uploads\/2021\/07\/Transparent_Blue_Vitejte_text_small_crop.gif\" alt=\"blue_vitejte_text_small_crop\" width=\"106\" height=\"82\" \/><\/a><\/p>\n<\/div>\n","protected":false},"excerpt":{"rendered":"<p>V\u00edtejte\u00a0na str\u00e1nk\u00e1ch odborn\u00e9 o\u010dn\u00ed l\u00e9ka\u0159ky MUDr. Ilony \u0160torkov\u00e9 Ordinace Rakovn\u00edk NEORDINUJEME z provozn\u00edch d\u016fvod\u016f ve dnech 29.4.2026 a 6.5.2026! P\u0159\u00edtomna pouze zdravotn\u00ed sestra pro p\u0159edem objednan\u00e1 perimetrick\u00e1 vy\u0161et\u0159en\u00ed. Ordinace Nov\u00e9 Stra\u0161ec\u00ed NEORDINUJEME z provozn\u00edch d\u016fvod\u016f ve dnech 5.5.2026 a 7.5.2026! P\u0159\u00edtomna pouze zdravotn\u00ed sestra pro p\u0159edem objednan\u00e1 perimetrick\u00e1 vy\u0161et\u0159en\u00ed. Objedn\u00e1v\u00e1n\u00ed k o\u010dn\u00edmu vy\u0161et\u0159en\u00ed mo\u017en\u00e9 u &#8230;<\/p>\n","protected":false},"author":1,"featured_media":0,"parent":0,"menu_order":0,"comment_status":"closed","ping_status":"closed","template":"","meta":{"_mc_calendar":[],"footnotes":""},"class_list":["post-89","page","type-page","status-publish"],"_links":{"self":[{"href":"https:\/\/www.storkova.cz\/index.php?rest_route=\/wp\/v2\/pages\/89","targetHints":{"allow":["GET"]}}],"collection":[{"href":"https:\/\/www.storkova.cz\/index.php?rest_route=\/wp\/v2\/pages"}],"about":[{"href":"https:\/\/www.storkova.cz\/index.php?rest_route=\/wp\/v2\/types\/page"}],"author":[{"embeddable":true,"href":"https:\/\/www.storkova.cz\/index.php?rest_route=\/wp\/v2\/users\/1"}],"replies":[{"embeddable":true,"href":"https:\/\/www.storkova.cz\/index.php?rest_route=%2Fwp%2Fv2%2Fcomments&post=89"}],"version-history":[{"count":182,"href":"https:\/\/www.storkova.cz\/index.php?rest_route=\/wp\/v2\/pages\/89\/revisions"}],"predecessor-version":[{"id":759,"href":"https:\/\/www.storkova.cz\/index.php?rest_route=\/wp\/v2\/pages\/89\/revisions\/759"}],"wp:attachment":[{"href":"https:\/\/www.storkova.cz\/index.php?rest_route=%2Fwp%2Fv2%2Fmedia&parent=89"}],"curies":[{"name":"wp","href":"https:\/\/api.w.org\/{rel}","templated":true}]}}

<div class="entry">
<p>Vítejte na stránkách odborné oční lékařky MUDr. Ilony Štorkové</p>
<p><strong></strong></p>
<p><strong><font color="red" size="5"></font></strong><br />
<strong><font color="red"></font></strong></p>
<p><strong><u>Ordinace Rakovník</u></strong><br />
<strong></strong><br />
<strong>NEORDINUJEME z provozních důvodů ve dnech 29.4.2026 a 6.5.2026!</strong><br />
Přítomna pouze zdravotní sestra pro předem objednaná perimetrická vyšetření.<br />
<strong></strong></p>
<p><strong></strong><br />
<strong></strong><br />
<strong><u>Ordinace Nové Strašecí</u></strong><br />
<strong></strong><br />
<strong>NEORDINUJEME z provozních důvodů ve dnech 5.5.2026 a 7.5.2026!</strong><br />
Přítomna pouze zdravotní sestra pro předem objednaná perimetrická vyšetření.<br />
<strong></strong></p>
<p><strong></strong></p>
<p><strong></strong></p>
<p><strong></strong><br />
<strong></strong><br />
Objednávání k očnímu vyšetření možné u zdravotní sestry či na uvedeném kontaktu ordinace.<br />
<strong></strong><br />
<strong><u></u></strong><br />
<strong><u></u></strong><br />
<strong></strong></p>
<p><strong></strong><br />
<strong></strong></p>
<p>V případě akutních obtíží se obraťte na:<br />
<font size="2"><br />
&#8211; Oční ambulance Oblastní nemocnice Kladno a.s., Vančurova 1548, 272 59 Kladno &#8211; volat předem k objednání<br />
&#8211; Oční klinika Ústřední vojenské nemocnice, U Vojenské nemocnice 1200, 169 02 Praha 6<br />
&#8211; Oční klinika dětí a dospělých FN Motol, V Úvalu 84/1, 150 06 Praha 5<br />
</font><br />
 </p>
<p> </p>
<p><a href="https://www.storkova.cz"><img decoding="async" class="alignnone size-full wp-image-150" src="https://www.storkova.cz/wp-content/uploads/2021/07/Transparent_Blue_Vitejte_text_small_crop.gif" alt="blue_vitejte_text_small_crop" width="106" height="82" /></a></p>
</div>

<p>Vítejte na stránkách odborné oční lékařky MUDr. Ilony Štorkové Ordinace Rakovník NEORDINUJEME z provozních důvodů ve dnech 29.4.2026 a 6.5.2026! Přítomna pouze zdravotní sestra pro předem objednaná perimetrická vyšetření. Ordinace Nové Strašecí NEORDINUJEME z provozních důvodů ve dnech 5.5.2026 a 7.5.2026! Přítomna pouze zdravotní sestra pro předem objednaná perimetrická vyšetření. Objednávání k očnímu vyšetření možné u &#8230;</p>
